2179, 6521
List the prime factors of 645380971.
31, 20818741
List the prime factors of 94253527.
577, 163351
List the prime factors of 546874585.
5, 109374917
What are the prime factors of 507148183?
23, 22049921
List the prime factors of 45433045.
5, 7, 185441
List the prime factors of 41729145.
3, 5, 439, 6337
List the prime factors of 108845622.
2, 3, 307, 19697
What are the prime factors of 282264144?
2, 3, 5880503
What are the prime factors of 102072832?
2, 31, 59, 109
List the prime factors of 912168046.
2, 1697, 268759
List the prime factors of 197870661.
3, 73, 100391
List the prime factors of 870679161.
3, 11, 19, 462881
List the prime factors of 205734549.
3, 68578183
What are the prime factors of 284511177?
3, 41, 43, 139
What are the prime factors of 133870805?
5, 47, 569663
What are the prime factors of 267456948?
2, 3, 11, 184199
What are the prime factors of 2011382353?
17, 118316609
What are the prime factors of 194357821?
7, 17, 19, 67, 1283
What are the prime factors of 22584672?
2, 3, 11, 7129
List the prime factors of 172322778.
2, 3, 17, 73, 23143
List the prime factors of 8799928.
2, 101, 10891
List the prime factors of 1664243317.
11, 13754077
What are the prime factors of 99858639?
3, 33286213
List the prime factors of 174558172.
2, 43639543
List the prime factors of 60167224.
2, 13, 19, 30449
What are the prime factors of 81403730?
2, 5, 43, 189311
List the prime factors of 1335298512.
2, 3, 281, 98999
List the prime factors of 1952003887.
3019, 646573
What are the prime factors of 48210790?
2, 5, 19, 253741
What are the prime factors of 168395220?
2, 3, 5, 7, 44549
List the prime factors of 7992894377.
13, 67, 705899
What are the prime factors of 1893538998?
2, 3, 13, 41, 65789
What are the prime factors of 573178993?
83, 6905771
List the prime factors of 70032862.
2, 131, 267301
List the prime factors of 17618325.
3, 5, 61, 3851
List the prime factors of 305613375.
3, 5, 101, 8069
List the prime factors of 26036790.
2, 3, 5, 13, 101, 661
What are the prime factors of 22953162?
2, 3, 17, 307, 733
List the prime factors of 37793831.
19, 61, 32609
What are the prime factors of 1020325104?
2, 3, 211, 33581
List the prime factors of 4252109097.
3, 709, 1999111
List the prime factors of 60814325.
5, 11, 13, 17011
List the prime factors of 1667865961.
19, 2393, 36683
What are the prime factors of 888573193?
888573193
What are the prime factors of 4279407914?
2, 193, 1193, 9293
What are the prime factors of 38489959?
67, 574477
List the prime factors of 448395427.
448395427
List the prime factors of 216134062.
2, 233, 463807
What are the prime factors of 77100288?
2, 3, 100391
What are the prime factors of 1894676?
2, 7, 157, 431
What are the prime factors of 741292203?
3, 247097401
What are the prime factors of 1024677033?
3, 47, 7267213
List the prime factors of 4528408898.
2, 13, 17, 10245269
What are the prime factors of 488050538?
2, 47, 829, 6263
List the prime factors of 57842272.
2, 1807571
List the prime factors of 2653923414.
2, 3, 17, 1530521
What are the prime factors of 37655388?
2, 3, 348661
List the prime factors of 670972271.
409, 1640519
List the prime factors of 31211038.
2, 15605519
What are the prime factors of 445031376?
2, 3, 19, 487973
List the prime factors of 5989214265.
3, 5, 399280951
What are the prime factors of 467766496?
2, 14617703
What are the prime factors of 24452190?
2, 3, 5, 7, 37, 1049
List the prime factors of 829453970.
2, 5, 17, 67, 72823
What are the prime factors of 1265804475?
3, 5, 13, 1298261
List the prime factors of 16268606.
2, 8134303
What are the prime factors of 6305451?
3, 2101817
What are the prime factors of 271687091?
13, 977, 21391
What are the prime factors of 79727441?
79727441
List the prime factors of 78038078.
2, 1009, 38671
What are the prime factors of 983965565?
5, 11, 557, 32119
What are the prime factors of 401510280?
2, 3, 5, 19, 229, 769
What are the prime factors of 53211544?
2, 167, 39829
What are the prime factors of 734114255?
5, 7, 31, 173, 3911
List the prime factors of 233466005.
5, 127, 367663
List the prime factors of 1143364685.
5, 7079, 32303
List the prime factors of 28006801.
23, 1217687
What are the prime factors of 3245461544?
2, 13, 2281, 13681
What are the prime factors of 517218365?
5, 23, 227, 19813
List the prime factors of 79947012.
2, 3, 97, 68683
List the prime factors of 75127357.
75127357
What are the prime factors of 211886074?
2, 23, 113, 40763
List the prime factors of 96922947.
3, 11, 2937059
What are the prime factors of 891001393?
23, 127, 305033
List the prime factors of 3733459970.
2, 5, 373345997
What are the prime factors of 544815492?
2, 3, 13, 3492407
List the prime factors of 61480800.
2, 3, 5, 8539
List the prime factors of 230101398.
2, 3, 83, 109, 157
List the prime factors of 37998050.
2, 5, 759961
List the prime factors of 161929191.
3, 19, 127, 22369
List the prime factors of 1128976080.
2, 3, 5, 1913, 2459
List the prime factors of 4770613674.
2, 3, 265034093
List the prime factors of 23884321.
59, 404819
List the prime factors of 2191765792.
2, 1741, 39341
List the prime factors of 72856218.
2, 3, 12142703
List the prime factors of 94293825.
3, 5, 1257251
What are the prime factors of 77030259?
3, 4057, 6329
List the prime factors of 68903881.
563, 122387
What are the prime factors of 6054236?
2, 19, 37, 2153
What are the prime factors of 558647221?
11, 50786111
List the prime factors of 427112371.
7, 8716579
What are the prime factors of 141510007?
23, 337, 18257
What are the prime factors of 58215816?
2, 3, 808553
List the prime factors of 35174411.
17, 311, 6653
List the prime factors of 34236677.
61, 101, 5557
List the prime factors of 483739828.
2, 11, 13, 17, 49747
What are the prime factors of 881264442?
2, 3, 2011, 73037
What are the prime factors of 27060066?
2, 3, 11, 19, 7193
List the prime factors of 56365709.
23, 59, 73, 569
What are the prime factors of 1584053620?
2, 5, 37, 311, 6883
List the prime factors of 118860015.
3, 5, 193, 41057
List the prime factors of 17616512.
2, 229, 601
List the prime factors of 306040798.
2, 7, 21860057
List the prime factors of 187302784.
2, 1463303
What are the prime factors of 67483547?
191, 353317
What are the prime factors of 76407203?
353, 216451
What are the prime factors of 275776267?
13, 21213559
What are the prime factors of 238216471?
19, 37, 338857
What are the prime factors of 11782404?
2, 3, 327289
List the prime factors of 234660623.
37, 6342179
What are the prime factors of 218139694?
2, 1277, 85411
What are the prime factors of 29596646?
2, 29, 510287
What are the prime factors of 546902872?
2, 68362859
What are the prime factors of 581384013?
3, 7, 31, 307, 2909
List the prime factors of 81953518.
2, 40976759
What are the prime factors of 44656542?
2, 3, 7, 2411
List the prime factors of 224983658.
2, 151, 271, 2749
List the prime factors of 46412484.
2, 3, 3867707
List the prime factors of 235919014.
2, 117959507
What are the prime factors of 20414954?
2, 7, 829, 1759
What are the prime factors of 1337103297?
3, 331, 448843
What are the prime factors of 371912882?
2, 11, 79, 213989
What are the prime factors of 16014087?
3, 1051, 1693
What are the prime factors of 10843708?
2, 2710927
List the prime factors of 52421090.
2, 5, 419, 12511
List the prime factors of 286402194.
2, 3, 13, 1223941
List the prime factors of 113481334.
2, 953, 59539
What are the prime factors of 3097894790?
2, 5, 31, 9993209
List the prime factors of 176450911.
7, 13, 277003
What are the prime factors of 163676388?
2, 3, 2549, 5351
What are the prime factors of 87204883?
17, 301747
List the prime factors of 468220119.
3, 156073373
What are the prime factors of 923045690?
2, 5, 7, 47, 280561
List the prime factors of 122329739.
7, 17, 67, 229
List the prime factors of 1451586322.
2, 59, 1087, 11317
List the prime factors of 2429962736.
2, 151872671
What are the prime factors of 5939217?
3, 219971
What are the prime factors of 148906978?
2, 11, 17, 61, 107
What are the prime factors of 35732617?
503, 71039
What are the prime factors of 8512761557?
43, 809, 244711
What are the prime factors of 368384839?
37, 9956347
What are the prime factors of 40407520?
2, 5, 71, 3557
